{"id":933,"date":"2025-02-07T18:54:34","date_gmt":"2025-02-07T17:54:34","guid":{"rendered":"https:\/\/oega.boku.ac.at\/?page_id=933"},"modified":"2025-02-07T18:54:34","modified_gmt":"2025-02-07T17:54:34","slug":"oega-tagung-1996","status":"publish","type":"page","link":"https:\/\/oega.boku.ac.at\/en\/oega-tagung-1996\/","title":{"rendered":"\u00d6GA-Tagung 1996"},"content":{"rendered":"<p><strong>EU-Agrarpolitik und Berggebiete<\/strong><\/p>\n\n\n\n<p>6. Jahrestagung der \u00d6GA<\/p>\n\n\n\n<p>Sibyl Anwander Phan-huy und Hans Karl Wytrzens (Hrsg), 1997<br>Beitr\u00e4ge der gemeinsamen Tagung der \u00d6sterreichischen Gesellschaft f\u00fcr Agrar\u00f6konomie und der Schweizer Gesellschaft f\u00fcr Agrarwirtschaft und Agrarsoziologie<br>26. und 27. September 1996 in Innsbruck<br>Wissenschaftsverlag Vauk Kiel KG, Kiel, ISBN 3-8175-0266-4<\/p>\n\n\n\n<figure class=\"wp-block-table\"><table class=\"has-fixed-layout\"><tbody><tr><td><strong>AutorInnen<\/strong><\/td><td><strong>Titel des Beitrags<\/strong><\/td><\/tr><tr><td><strong>Rieder<\/strong>, P.<\/td><td>Nachhaltige Prim\u00e4rproduktion im Alpenraum &#8211; Interdisziplin\u00e4re Forschungsans\u00e4tze<\/td><\/tr><tr><td><strong>Greif<\/strong>, F. und <strong>Wagner<\/strong>, K.<\/td><td>\u00d6sterreichische Berglandwirtschaft &#8211; St\u00fctze der Marktproduktion oder \u00f6kologische Restlandwirtschaft<\/td><\/tr><tr><td><strong>Schneeberger<\/strong>, W. und <strong>Reichsthaler <\/strong>R.<\/td><td>Auswirkungen des EU-Beitrittes auf Milchvieh haltende Gr\u00fcnlandbetriebe<\/td><\/tr><tr><td><strong>Moder<\/strong>, G.<\/td><td>B\u00e4uerliche Initiativen im Berggebiet<\/td><\/tr><tr><td><strong>Ankers<\/strong>, N.<\/td><td>Markenschutz und Herkunftsbezeichnungen f\u00fcr Produkte aus dem Berggebiet<\/td><\/tr><tr><td><strong>H\u00e4fliger<\/strong>, H. und <strong>Reider<\/strong>, P.<\/td><td>Optimale Entscheidungsebene zur Bereitstellung von Kulturlandschaften<\/td><\/tr><tr><td><strong>Krammer<\/strong>, J.<\/td><td>\u00c4nderung der Agrar- und Regionalpolitik \u00d6sterreichs durch den EU-Beitritt und deren Auswirkungen<\/td><\/tr><tr><td><strong>Stucki<\/strong>, E.<\/td><td>Landwirtschaftliche und regionalpolitische Strukturpolitik der EU und der Schweiz im Vergleich<\/td><\/tr><tr><td><strong>Eder<\/strong>, M.<\/td><td>Auswirkungen der Umweltf\u00f6rderung auf die Bewirtschaftungsformen im Berggebiet<\/td><\/tr><tr><td><strong>Penz<\/strong>, H.<\/td><td>Strukturprobleme \u00f6sterreichischer Bergbauerngemeinden &#8211; Erste Ergebnisse der Befragung von Ortsbauernobm\u00e4nnern<\/td><\/tr><tr><td><strong>Fl\u00fcckiger<\/strong>, S. und <strong>Schmid <\/strong>T.<\/td><td>Prognosetauglichkeit verschiedener Modellans\u00e4tze f\u00fcr den Alpenraum<\/td><\/tr><tr><td><strong>Hasslacher<\/strong>, P.<\/td><td>Die Alpen im Spiegel der EU-Politik &#8211; Via Alpenkonvention zu einem Ziel-7-Gebiet?<\/td><\/tr><tr><td><strong>Rey<\/strong>, A.<\/td><td>Institutionelle Rahmenbedingungen f\u00fcr die Regionalentwicklung<\/td><\/tr><tr><td><strong>Fischler<\/strong>, F.<\/td><td>Die Zukunft der Berggebiete &#8211; Eine europ\u00e4ische Herausforderung<\/td><\/tr><\/tbody><\/table><\/figure>\n<div class=\"pdfprnt-buttons pdfprnt-buttons-page pdfprnt-bottom-left\"><a href=\"https:\/\/oega.boku.ac.at\/en\/wp-json\/wp\/v2\/pages\/933?print=pdf\" class=\"pdfprnt-button pdfprnt-button-pdf\" target=\"_blank\" ><\/a><a href=\"https:\/\/oega.boku.ac.at\/en\/wp-json\/wp\/v2\/pages\/933?print=print\" class=\"pdfprnt-button pdfprnt-button-print\" target=\"_blank\" ><img decoding=\"async\" src=\"https:\/\/oega.boku.ac.at\/wp-content\/plugins\/pdf-print\/images\/print.png\" alt=\"image_print\" title=\"Print Content\" \/><span class=\"pdfprnt-button-title pdfprnt-button-print-title\">Print-Version<\/span><\/a><\/div>","protected":false},"excerpt":{"rendered":"<p>EU-Agrarpolitik und Berggebiete 6. Jahrestagung der \u00d6GA Sibyl Anwander Phan-huy und Hans Karl Wytrzens (Hrsg), 1997Beitr\u00e4ge der gemeinsamen Tagung der \u00d6sterreichischen Gesellschaft f\u00fcr Agrar\u00f6konomie und der Schweizer Gesellschaft f\u00fcr Agrarwirtschaft und Agrarsoziologie26. und 27. September 1996 in InnsbruckWissenschaftsverlag Vauk Kiel KG, Kiel, ISBN 3-8175-0266-4 AutorInnen Titel des Beitrags Rieder, P. Nachhaltige Prim\u00e4rproduktion im Alpenraum &#8211; [&hellip;]<\/p>\n","protected":false},"author":1,"featured_media":0,"parent":0,"menu_order":0,"comment_status":"closed","ping_status":"closed","template":"","meta":{"footnotes":""},"class_list":["post-933","page","type-page","status-publish","hentry"],"_links":{"self":[{"href":"https:\/\/oega.boku.ac.at\/en\/wp-json\/wp\/v2\/pages\/933","targetHints":{"allow":["GET"]}}],"collection":[{"href":"https:\/\/oega.boku.ac.at\/en\/wp-json\/wp\/v2\/pages"}],"about":[{"href":"https:\/\/oega.boku.ac.at\/en\/wp-json\/wp\/v2\/types\/page"}],"author":[{"embeddable":true,"href":"https:\/\/oega.boku.ac.at\/en\/wp-json\/wp\/v2\/users\/1"}],"replies":[{"embeddable":true,"href":"https:\/\/oega.boku.ac.at\/en\/wp-json\/wp\/v2\/comments?post=933"}],"version-history":[{"count":1,"href":"https:\/\/oega.boku.ac.at\/en\/wp-json\/wp\/v2\/pages\/933\/revisions"}],"predecessor-version":[{"id":934,"href":"https:\/\/oega.boku.ac.at\/en\/wp-json\/wp\/v2\/pages\/933\/revisions\/934"}],"wp:attachment":[{"href":"https:\/\/oega.boku.ac.at\/en\/wp-json\/wp\/v2\/media?parent=933"}],"curies":[{"name":"wp","href":"https:\/\/api.w.org\/{rel}","templated":true}]}}

ÖGA-Tagung 1996

<p><strong>EU-Agrarpolitik und Berggebiete</strong></p>



<p>6. Jahrestagung der ÖGA</p>



<p>Sibyl Anwander Phan-huy und Hans Karl Wytrzens (Hrsg), 1997<br>Beiträge der gemeinsamen Tagung der Österreichischen Gesellschaft für Agrarökonomie und der Schweizer Gesellschaft für Agrarwirtschaft und Agrarsoziologie<br>26. und 27. September 1996 in Innsbruck<br>Wissenschaftsverlag Vauk Kiel KG, Kiel, ISBN 3-8175-0266-4</p>



<figure class="wp-block-table"><table class="has-fixed-layout"><tbody><tr><td><strong>AutorInnen</strong></td><td><strong>Titel des Beitrags</strong></td></tr><tr><td><strong>Rieder</strong>, P.</td><td>Nachhaltige Primärproduktion im Alpenraum &#8211; Interdisziplinäre Forschungsansätze</td></tr><tr><td><strong>Greif</strong>, F. und <strong>Wagner</strong>, K.</td><td>Österreichische Berglandwirtschaft &#8211; Stütze der Marktproduktion oder ökologische Restlandwirtschaft</td></tr><tr><td><strong>Schneeberger</strong>, W. und <strong>Reichsthaler </strong>R.</td><td>Auswirkungen des EU-Beitrittes auf Milchvieh haltende Grünlandbetriebe</td></tr><tr><td><strong>Moder</strong>, G.</td><td>Bäuerliche Initiativen im Berggebiet</td></tr><tr><td><strong>Ankers</strong>, N.</td><td>Markenschutz und Herkunftsbezeichnungen für Produkte aus dem Berggebiet</td></tr><tr><td><strong>Häfliger</strong>, H. und <strong>Reider</strong>, P.</td><td>Optimale Entscheidungsebene zur Bereitstellung von Kulturlandschaften</td></tr><tr><td><strong>Krammer</strong>, J.</td><td>Änderung der Agrar- und Regionalpolitik Österreichs durch den EU-Beitritt und deren Auswirkungen</td></tr><tr><td><strong>Stucki</strong>, E.</td><td>Landwirtschaftliche und regionalpolitische Strukturpolitik der EU und der Schweiz im Vergleich</td></tr><tr><td><strong>Eder</strong>, M.</td><td>Auswirkungen der Umweltförderung auf die Bewirtschaftungsformen im Berggebiet</td></tr><tr><td><strong>Penz</strong>, H.</td><td>Strukturprobleme österreichischer Bergbauerngemeinden &#8211; Erste Ergebnisse der Befragung von Ortsbauernobmännern</td></tr><tr><td><strong>Flückiger</strong>, S. und <strong>Schmid </strong>T.</td><td>Prognosetauglichkeit verschiedener Modellansätze für den Alpenraum</td></tr><tr><td><strong>Hasslacher</strong>, P.</td><td>Die Alpen im Spiegel der EU-Politik &#8211; Via Alpenkonvention zu einem Ziel-7-Gebiet?</td></tr><tr><td><strong>Rey</strong>, A.</td><td>Institutionelle Rahmenbedingungen für die Regionalentwicklung</td></tr><tr><td><strong>Fischler</strong>, F.</td><td>Die Zukunft der Berggebiete &#8211; Eine europäische Herausforderung</td></tr></tbody></table></figure>
<div class="pdfprnt-buttons pdfprnt-buttons-page pdfprnt-bottom-left"><a href="https://oega.boku.ac.at/en/wp-json/wp/v2/pages/933?print=pdf" class="pdfprnt-button pdfprnt-button-pdf" target="_blank" ></a><a href="https://oega.boku.ac.at/en/wp-json/wp/v2/pages/933?print=print" class="pdfprnt-button pdfprnt-button-print" target="_blank" ><img decoding="async" src="https://oega.boku.ac.at/wp-content/plugins/pdf-print/images/print.png" alt="image_print" title="Print Content" /><span class="pdfprnt-button-title pdfprnt-button-print-title">Print-Version</span></a></div>

<p>EU-Agrarpolitik und Berggebiete 6. Jahrestagung der ÖGA Sibyl Anwander Phan-huy und Hans Karl Wytrzens (Hrsg), 1997Beiträge der gemeinsamen Tagung der Österreichischen Gesellschaft für Agrarökonomie und der Schweizer Gesellschaft für Agrarwirtschaft und Agrarsoziologie26. und 27. September 1996 in InnsbruckWissenschaftsverlag Vauk Kiel KG, Kiel, ISBN 3-8175-0266-4 AutorInnen Titel des Beitrags Rieder, P. Nachhaltige Primärproduktion im Alpenraum &#8211; [&hellip;]</p>
