{"id":921,"date":"2025-02-07T18:45:14","date_gmt":"2025-02-07T17:45:14","guid":{"rendered":"https:\/\/oega.boku.ac.at\/?page_id=921"},"modified":"2025-02-07T19:02:35","modified_gmt":"2025-02-07T18:02:35","slug":"oega-tagung-2000","status":"publish","type":"page","link":"https:\/\/oega.boku.ac.at\/en\/oega-tagung-2000\/","title":{"rendered":"\u00d6GA-Tagung 2000"},"content":{"rendered":"<p><strong>Agrar\u00f6konomie zwischen Vision und Realit\u00e4t<\/strong><br>10. Jahrestagung der \u00d6GA<\/p>\n\n\n\n<p>Ika Darnhofer, Marianne Penker, Hans Karl Wytrzens (Hrsg.), 2005<br>Dokumentation der 10. \u00d6GA-Jahrestagung am 28. und 29. September 2000 in Wien<br>Wien: Facultas Verlag, ISBN 3-85076-714-0 , ISSN 1815-1027<\/p>\n\n\n\n<p><a href=\"https:\/\/oega.boku.ac.at\/wp-content\/uploads\/2025\/02\/Beitraege-14.zip\">Papers<\/a><br><\/p>\n\n\n\n<figure class=\"wp-block-table\"><table class=\"has-fixed-layout\"><tbody><tr><td><strong>AutorInnen<\/strong><\/td><td><strong>Titel des Beitrags<\/strong><\/td><\/tr><tr><td><strong>Hofreither<\/strong>, M.<\/td><td>Von Malthus zum Treibhauseffekt \u2013 Landwirtschaft und Weltern\u00e4hrung als Prognoseproblem<\/td><\/tr><tr><td><strong>Ortner<\/strong>, K.<\/td><td>Neoklassische Zukunftsentw\u00fcrfe f\u00fcr die Landwirtschaft<\/td><\/tr><tr><td><strong>Meixner<\/strong>, O.<\/td><td>Variety Seeking Behaviour &#8211; Ein kausales Erkl\u00e4rungsmodell zum Markenwechselverhalten der Konsumenten im Lebensmittelbereich<\/td><\/tr><tr><td><strong>Haas<\/strong>, R.<\/td><td>Nutzungsverhalten, Sichtweisen und Erfahrungen der Urlaub am Bauernhof Anbieter mit TIS-Cover &#8211; Einer Tourismusplattform im World Wide Web<\/td><\/tr><tr><td><strong>Salhofer<\/strong>, K.; <strong>Schmid<\/strong>, E.<\/td><td>Statistische Wohlfahrtsanalyse der \u00f6sterreichischen Brotgetreidepolitik<\/td><\/tr><tr><td><strong>Schermer<\/strong>, M.<\/td><td>Die Motivation der Bauern zur Teilnahme an der \u00d6PUL-Ma\u00dfnahme &#8222;biologischer Landbau&#8220; am Beispiel Tirols<\/td><\/tr><tr><td><strong>Schmid<\/strong>, E.<strong>Sinabell<\/strong>, F.<strong>Eder<\/strong>, M.<\/td><td>Aggregation von naturbeschreibenden und \u00f6konomischen Daten auf Regionsebene &#8211; Probleme und L\u00f6sungsvorschl\u00e4ge<\/td><\/tr><tr><td><strong>Wagner<\/strong>, K.<\/td><td>Landwirtschaftliche Raumplanung &#8211; Konkret<\/td><\/tr><tr><td><strong>Pistrich<\/strong>, K.;<br><strong>Wytrzens<\/strong>, H.K.<\/td><td>Leitbildanalyse und Funktionsprofil f\u00fcr das \u00f6sterreichische Gr\u00fcnland auf nationaler und lokaler Ebene<\/td><\/tr><tr><td><strong>Bogner<\/strong>, D.;<br><strong>Golob<\/strong>, B.<\/td><td>Landwirtschaft in Natura 2000-Gebieten in \u00d6sterreich<\/td><\/tr><tr><td><strong>Penker<\/strong>, M.<\/td><td>Implementierung von Naturschutzvertr\u00e4gen<\/td><\/tr><tr><td><strong>Vogel<\/strong>, S.<\/td><td>Vision und Realit\u00e4t: Ein Ausblick auf eine komplement\u00e4re Beziehung zwischen Agrar\u00f6konomie und Agrarsoziologie<\/td><\/tr><tr><td><strong>Wiesinger<\/strong>, G.<\/td><td>Landwirtschaft zwischen Tradition und Moderne &#8211; \u00dcber den Struktur- und Wertewandel in der b\u00e4uerlichen Lebenswelt<\/td><\/tr><tr><td><strong>Machold<\/strong>, I.;<br><strong>Dax<\/strong>, T.;<br><strong>Meisinger<\/strong>, C.<\/td><td>Soziale und wirtschaftliche Integration von Jugendlichen im l\u00e4ndlichen Raum<\/td><\/tr><tr><td><strong>Zechner<\/strong>, G.<\/td><td>Wieviel Vision braucht die Region &#8211; Visionsarbeit zur Aktivierung und Steuerung von Partizipationsprozessen<\/td><\/tr><\/tbody><\/table><\/figure>\n<div class=\"pdfprnt-buttons pdfprnt-buttons-page pdfprnt-bottom-left\"><a href=\"https:\/\/oega.boku.ac.at\/en\/wp-json\/wp\/v2\/pages\/921?print=pdf\" class=\"pdfprnt-button pdfprnt-button-pdf\" target=\"_blank\" ><\/a><a href=\"https:\/\/oega.boku.ac.at\/en\/wp-json\/wp\/v2\/pages\/921?print=print\" class=\"pdfprnt-button pdfprnt-button-print\" target=\"_blank\" ><img decoding=\"async\" src=\"https:\/\/oega.boku.ac.at\/wp-content\/plugins\/pdf-print\/images\/print.png\" alt=\"image_print\" title=\"Print Content\" \/><span class=\"pdfprnt-button-title pdfprnt-button-print-title\">Print-Version<\/span><\/a><\/div>","protected":false},"excerpt":{"rendered":"<p>Agrar\u00f6konomie zwischen Vision und Realit\u00e4t10. Jahrestagung der \u00d6GA Ika Darnhofer, Marianne Penker, Hans Karl Wytrzens (Hrsg.), 2005Dokumentation der 10. \u00d6GA-Jahrestagung am 28. und 29. September 2000 in WienWien: Facultas Verlag, ISBN 3-85076-714-0 , ISSN 1815-1027 Beitr\u00e4ge AutorInnen Titel des Beitrags Hofreither, M. Von Malthus zum Treibhauseffekt \u2013 Landwirtschaft und Weltern\u00e4hrung als Prognoseproblem Ortner, K. Neoklassische [&hellip;]<\/p>\n","protected":false},"author":1,"featured_media":0,"parent":0,"menu_order":0,"comment_status":"closed","ping_status":"closed","template":"","meta":{"footnotes":""},"class_list":["post-921","page","type-page","status-publish","hentry"],"_links":{"self":[{"href":"https:\/\/oega.boku.ac.at\/en\/wp-json\/wp\/v2\/pages\/921","targetHints":{"allow":["GET"]}}],"collection":[{"href":"https:\/\/oega.boku.ac.at\/en\/wp-json\/wp\/v2\/pages"}],"about":[{"href":"https:\/\/oega.boku.ac.at\/en\/wp-json\/wp\/v2\/types\/page"}],"author":[{"embeddable":true,"href":"https:\/\/oega.boku.ac.at\/en\/wp-json\/wp\/v2\/users\/1"}],"replies":[{"embeddable":true,"href":"https:\/\/oega.boku.ac.at\/en\/wp-json\/wp\/v2\/comments?post=921"}],"version-history":[{"count":2,"href":"https:\/\/oega.boku.ac.at\/en\/wp-json\/wp\/v2\/pages\/921\/revisions"}],"predecessor-version":[{"id":949,"href":"https:\/\/oega.boku.ac.at\/en\/wp-json\/wp\/v2\/pages\/921\/revisions\/949"}],"wp:attachment":[{"href":"https:\/\/oega.boku.ac.at\/en\/wp-json\/wp\/v2\/media?parent=921"}],"curies":[{"name":"wp","href":"https:\/\/api.w.org\/{rel}","templated":true}]}}

ÖGA-Tagung 2000

<p><strong>Agrarökonomie zwischen Vision und Realität</strong><br>10. Jahrestagung der ÖGA</p>



<p>Ika Darnhofer, Marianne Penker, Hans Karl Wytrzens (Hrsg.), 2005<br>Dokumentation der 10. ÖGA-Jahrestagung am 28. und 29. September 2000 in Wien<br>Wien: Facultas Verlag, ISBN 3-85076-714-0 , ISSN 1815-1027</p>



<p><a href="https://oega.boku.ac.at/wp-content/uploads/2025/02/Beitraege-14.zip">Papers</a><br></p>



<figure class="wp-block-table"><table class="has-fixed-layout"><tbody><tr><td><strong>AutorInnen</strong></td><td><strong>Titel des Beitrags</strong></td></tr><tr><td><strong>Hofreither</strong>, M.</td><td>Von Malthus zum Treibhauseffekt – Landwirtschaft und Welternährung als Prognoseproblem</td></tr><tr><td><strong>Ortner</strong>, K.</td><td>Neoklassische Zukunftsentwürfe für die Landwirtschaft</td></tr><tr><td><strong>Meixner</strong>, O.</td><td>Variety Seeking Behaviour &#8211; Ein kausales Erklärungsmodell zum Markenwechselverhalten der Konsumenten im Lebensmittelbereich</td></tr><tr><td><strong>Haas</strong>, R.</td><td>Nutzungsverhalten, Sichtweisen und Erfahrungen der Urlaub am Bauernhof Anbieter mit TIS-Cover &#8211; Einer Tourismusplattform im World Wide Web</td></tr><tr><td><strong>Salhofer</strong>, K.; <strong>Schmid</strong>, E.</td><td>Statistische Wohlfahrtsanalyse der österreichischen Brotgetreidepolitik</td></tr><tr><td><strong>Schermer</strong>, M.</td><td>Die Motivation der Bauern zur Teilnahme an der ÖPUL-Maßnahme &#8222;biologischer Landbau&#8220; am Beispiel Tirols</td></tr><tr><td><strong>Schmid</strong>, E.<strong>Sinabell</strong>, F.<strong>Eder</strong>, M.</td><td>Aggregation von naturbeschreibenden und ökonomischen Daten auf Regionsebene &#8211; Probleme und Lösungsvorschläge</td></tr><tr><td><strong>Wagner</strong>, K.</td><td>Landwirtschaftliche Raumplanung &#8211; Konkret</td></tr><tr><td><strong>Pistrich</strong>, K.;<br><strong>Wytrzens</strong>, H.K.</td><td>Leitbildanalyse und Funktionsprofil für das österreichische Grünland auf nationaler und lokaler Ebene</td></tr><tr><td><strong>Bogner</strong>, D.;<br><strong>Golob</strong>, B.</td><td>Landwirtschaft in Natura 2000-Gebieten in Österreich</td></tr><tr><td><strong>Penker</strong>, M.</td><td>Implementierung von Naturschutzverträgen</td></tr><tr><td><strong>Vogel</strong>, S.</td><td>Vision und Realität: Ein Ausblick auf eine komplementäre Beziehung zwischen Agrarökonomie und Agrarsoziologie</td></tr><tr><td><strong>Wiesinger</strong>, G.</td><td>Landwirtschaft zwischen Tradition und Moderne &#8211; Über den Struktur- und Wertewandel in der bäuerlichen Lebenswelt</td></tr><tr><td><strong>Machold</strong>, I.;<br><strong>Dax</strong>, T.;<br><strong>Meisinger</strong>, C.</td><td>Soziale und wirtschaftliche Integration von Jugendlichen im ländlichen Raum</td></tr><tr><td><strong>Zechner</strong>, G.</td><td>Wieviel Vision braucht die Region &#8211; Visionsarbeit zur Aktivierung und Steuerung von Partizipationsprozessen</td></tr></tbody></table></figure>
<div class="pdfprnt-buttons pdfprnt-buttons-page pdfprnt-bottom-left"><a href="https://oega.boku.ac.at/en/wp-json/wp/v2/pages/921?print=pdf" class="pdfprnt-button pdfprnt-button-pdf" target="_blank" ></a><a href="https://oega.boku.ac.at/en/wp-json/wp/v2/pages/921?print=print" class="pdfprnt-button pdfprnt-button-print" target="_blank" ><img decoding="async" src="https://oega.boku.ac.at/wp-content/plugins/pdf-print/images/print.png" alt="image_print" title="Print Content" /><span class="pdfprnt-button-title pdfprnt-button-print-title">Print-Version</span></a></div>

<p>Agrarökonomie zwischen Vision und Realität10. Jahrestagung der ÖGA Ika Darnhofer, Marianne Penker, Hans Karl Wytrzens (Hrsg.), 2005Dokumentation der 10. ÖGA-Jahrestagung am 28. und 29. September 2000 in WienWien: Facultas Verlag, ISBN 3-85076-714-0 , ISSN 1815-1027 Beiträge AutorInnen Titel des Beitrags Hofreither, M. Von Malthus zum Treibhauseffekt – Landwirtschaft und Welternährung als Prognoseproblem Ortner, K. Neoklassische [&hellip;]</p>
